{"id":8540,"date":"2021-11-09T12:36:45","date_gmt":"2021-11-09T11:36:45","guid":{"rendered":"https:\/\/autorolasolutions.com\/solutions\/challenge\/definir-et-realiser-les-controles-necessaires\/"},"modified":"2025-02-04T11:08:22","modified_gmt":"2025-02-04T10:08:22","slug":"definir-et-realiser-les-controles-necessaires","status":"publish","type":"page","link":"https:\/\/autorolasolutions.com\/blg-fr\/solutions\/challenge\/definir-et-realiser-les-controles-necessaires\/","title":{"rendered":"D\u00e9finir et r\u00e9aliser les contr\u00f4les n\u00e9cessaires"},"content":{"rendered":"\t\t<div data-elementor-type=\"wp-page\" data-elementor-id=\"8540\" class=\"elementor elementor-8540 elementor-115\" data-elementor-post-type=\"page\">\n\t\t\t\t\t\t<section class=\"elementor-section elementor-top-section elementor-element elementor-element-0b9e96b elementor-section-boxed elementor-section-height-default elementor-section-height-default\" data-id=\"0b9e96b\" data-element_type=\"section\" data-e-type=\"section\">\n\t\t\t\t\t\t<div class=\"elementor-container elementor-column-gap-default\">\n\t\t\t\t\t<div class=\"elementor-column elementor-col-100 elementor-top-column elementor-element elementor-element-dda944b\" data-id=\"dda944b\" data-element_type=\"column\" data-e-type=\"column\">\n\t\t\t<div class=\"elementor-widget-wrap elementor-element-populated\">\n\t\t\t\t\t\t<div class=\"elementor-element elementor-element-30d72a6 elementor-widget elementor-widget-text-editor\" data-id=\"30d72a6\" data-element_type=\"widget\" data-e-type=\"widget\" data-widget_type=\"text-editor.default\">\n\t\t\t\t<div class=\"elementor-widget-container\">\n\t\t\t\t\t\t\t\t\t<h1>D\u00e9finir et r\u00e9aliser les Contr\u00f4les N\u00e9cessaires<\/h1><h2>Comment contr\u00f4ler la s\u00e9curit\u00e9 de vos process ?<\/h2><p>En travaillant avec de nombreux clients et prestataires, la transparence des donn\u00e9es est essentielle. Il faut des informations compl\u00e8tes, inalt\u00e9rables et v\u00e9rifiables par toutes les proc\u00e9dures juridiques. La fiche num\u00e9rique du v\u00e9hicule et le journal syst\u00e8me inalt\u00e9rable du Fleet Monitor fournissent toutes les donn\u00e9es sur chaque v\u00e9hicule en temps r\u00e9el. Notre syst\u00e8me de r\u00f4les et de droits permet de g\u00e9rer les acc\u00e8s et autorisations, garantissant ainsi une capacit\u00e9 multi-clients et le respect du RGPD.<\/p><ol><li><strong>\u00c9tablir la transparence des donn\u00e9es :<\/strong> \u00e9tablissez la transparence des donn\u00e9es en utilisant un syst\u00e8me centralis\u00e9 tel que Fleet Monitor qui permet des mises \u00e0 jour en temps r\u00e9el et un acc\u00e8s \u00e0 toutes les donn\u00e9es sur chacun de vos v\u00e9hicules.<\/li><li><strong>Garantir l&#8217;int\u00e9grit\u00e9 des donn\u00e9es :<\/strong> garantissez l&#8217;int\u00e9grit\u00e9 des donn\u00e9es en utilisant un journal syst\u00e8me inalt\u00e9rable qui peut suivre toutes les modifications\/actions sur les v\u00e9hicules<\/li><li><strong>Utiliser un syst\u00e8me de r\u00f4les et de droits personnalis\u00e9 :<\/strong> utilisez un syst\u00e8me de r\u00f4les et de droits personnalis\u00e9 pour garantir que les acc\u00e8s et les autorisations sont attribu\u00e9s de mani\u00e8re \u00e0 garantir \u00e0 la fois la capacit\u00e9 multi-clients et le respect de toutes les exigences du RGPD.<\/li><li><strong>R\u00e9aliser des audits r\u00e9guliers :<\/strong> effectuez des audits r\u00e9guliers de vos process pour identifier les points faibles ou les risques potentiels. Cela peut vous aider \u00e0 prendre des mesures proactives pour att\u00e9nuer tout probl\u00e8me potentiel et garantir le respect des exigences l\u00e9gales.<\/li><li><strong>Mettre en \u0153uvre des mesures de s\u00e9curit\u00e9 :<\/strong> mettez en \u0153uvre des mesures de s\u00e9curit\u00e9 telles que la double authentification, le cryptage et les pare-feux pour garantir que vos donn\u00e9es sont s\u00e9curis\u00e9es et prot\u00e9g\u00e9es contre tout acc\u00e8s non autoris\u00e9.<\/li><\/ol><p>En mettant en \u0153uvre ces strat\u00e9gies dans une plateforme Fleet Monitor, vous cr\u00e9ez les conditions de pouvoir auditer de mani\u00e8re 100% fiable vos process, garantissant que vos donn\u00e9es restent transparentes, s\u00e9curis\u00e9es et conformes aux exigences l\u00e9gales.<\/p>\t\t\t\t\t\t\t\t<\/div>\n\t\t\t\t<\/div>\n\t\t\t\t\t<\/div>\n\t\t<\/div>\n\t\t\t\t\t<\/div>\n\t\t<\/section>\n\t\t\t\t<section class=\"elementor-section elementor-top-section elementor-element elementor-element-a6ded5b elementor-section-full_width elementor-section-height-default elementor-section-height-default\" data-id=\"a6ded5b\" data-element_type=\"section\" data-e-type=\"section\" data-settings=\"{&quot;background_background&quot;:&quot;classic&quot;}\">\n\t\t\t\t\t\t<div class=\"elementor-container elementor-column-gap-default\">\n\t\t\t\t\t<div class=\"elementor-column elementor-col-50 elementor-top-column elementor-element elementor-element-173691c\" data-id=\"173691c\" data-element_type=\"column\" data-e-type=\"column\">\n\t\t\t<div class=\"elementor-widget-wrap elementor-element-populated\">\n\t\t\t\t\t\t<div class=\"elementor-element elementor-element-c7a6141 elementor-widget elementor-widget-html\" data-id=\"c7a6141\" data-element_type=\"widget\" data-e-type=\"widget\" data-widget_type=\"html.default\">\n\t\t\t\t<div class=\"elementor-widget-container\">\n\t\t\t\t\t<?xml version=\"1.0\" encoding=\"utf-8\"?>\n<!-- Generator: Adobe Illustrator 25.3.1, SVG Export Plug-In . SVG Version: 6.00 Build 0)  -->\n<svg class=\"kaeseecke\" version=\"1.1\" id=\"Ebene_2_1_\" xmlns=\"http:\/\/www.w3.org\/2000\/svg\" xmlns:xlink=\"http:\/\/www.w3.org\/1999\/xlink\" x=\"0px\" y=\"0px\"\n\t viewBox=\"0 0 960 960\" style=\"enable-background:new 0 0 960 960;\" xml:space=\"preserve\">\n<style type=\"text\/css\">\n\t.st0{fill:#9E9E9E;}\n<\/style>\n<polygon class=\"A st0\" points=\"209.4,778.6 445.3,492.9 80,431.6 \"\/>\n<g class=\"C\" id=\"Banken\">\n\t<defs>\n\t\t<polygon id=\"Banken_1_\" points=\"356.7,96.4 486.1,443.4 722,157.8 \t\t\"\/>\n\t<\/defs>\n\t<clipPath id=\"Banken_2_\">\n\t\t<use xlink:href=\"#Banken_1_\"  style=\"overflow:visible;\"\/>\n\t<\/clipPath>\n\t<g transform=\"matrix(1 0 0 1 1.525879e-05 0)\" style=\"clip-path:url(#Banken_2_);\">\n\t\t\n\t\t\t<image class=\"kaeseimage\" style=\"overflow:visible;\" width=\"1264\" height=\"843\" xlink:href=\"\/wp-content\/uploads\/2021\/09\/money-blau.png\"  transform=\"matrix(0.5459 0 0 0.5459 215 27.589)\">\n\t\t<\/image>\n\t<\/g>\n<\/g>\n<g class=\"D\" id=\"Haendler\">\n\t<defs>\n\t\t<polygon id=\"Haendler_1_\" points=\"514.7,467.1 880,528.4 750.6,181.4 \t\t\"\/>\n\t<\/defs>\n\t<clipPath id=\"Haendler_2_\">\n\t\t<use xlink:href=\"#Haendler_1_\"  style=\"overflow:visible;\"\/>\n\t<\/clipPath>\n\t<g transform=\"matrix(1 0 0 1 0 0)\" style=\"clip-path:url(#Haendler_2_);\">\n\t\t\n\t\t\t<image class=\"kaeseimage\" style=\"overflow:visible;\" width=\"2000\" height=\"953\" xlink:href=\"\/wp-content\/uploads\/2021\/09\/Shaking-hands-blau.png\"  transform=\"matrix(0.395 0 0 0.395 200.3094 156.043)\">\n\t\t<\/image>\n\t<\/g>\n<\/g>\n<g class=\"B\" id=\"Hersteller\">\n\t<defs>\n\t\t<polygon id=\"Hersteller_1_\" points=\"322,109.4 86.1,395 451.4,456.4 \t\t\"\/>\n\t<\/defs>\n\t<clipPath id=\"Hersteller_2_\">\n\t\t<use xlink:href=\"#Hersteller_1_\"  style=\"overflow:visible;\"\/>\n\t<\/clipPath>\n\t<g style=\"clip-path:url(#Hersteller_2_);\">\n\t\t\n\t\t\t<image class=\"kaeseimage\" style=\"overflow:visible;\" width=\"1070\" height=\"714\" xlink:href=\"\/wp-content\/uploads\/2021\/09\/Fahrzeugbau-blau.png\"  transform=\"matrix(0.5701 0 0 0.5701 32.1523 72.9533)\">\n\t\t<\/image>\n\t<\/g>\n<\/g>\n<g class=\"E\" id=\"Leasing\">\n\t<defs>\n\t\t<polygon id=\"Leasing_2_\" points=\"638,850.6 873.9,565 508.6,503.6 \t\t\"\/>\n\t<\/defs>\n\t<clipPath id=\"Leasing_1_\">\n\t\t<use xlink:href=\"#Leasing_2_\"  style=\"overflow:visible;\"\/>\n\t<\/clipPath>\n\t<g transform=\"matrix(1 2.980232e-08 -2.980232e-08 1 0 0)\" style=\"clip-path:url(#Leasing_1_);\">\n\t\t\n\t\t\t<image class=\"kaeseimage\" style=\"overflow:visible;\" width=\"1270\" height=\"714\" xlink:href=\"\/wp-content\/uploads\/2021\/09\/Parkplatz-blau.png\"  transform=\"matrix(0.9072 0.2335 -0.2335 0.9072 295.6266 390.6233)\">\n\t\t<\/image>\n\t<\/g>\n<\/g>\n<g class=\"F\" id=\"Logistikanbieter\">\n\t<defs>\n\t\t<polygon id=\"Logistikanbieter_1_\" points=\"473.9,516.6 238,802.2 603.3,863.6 \t\t\"\/>\n\t<\/defs>\n\t<clipPath id=\"Logistikanbieter_2_\">\n\t\t<use xlink:href=\"#Logistikanbieter_1_\"  style=\"overflow:visible;\"\/>\n\t<\/clipPath>\n\t<g transform=\"matrix(1 0 0 1 0 1.525879e-05)\" style=\"clip-path:url(#Logistikanbieter_2_);\">\n\t\t\n\t\t\t<image class=\"kaeseimage\" style=\"overflow:visible;\" width=\"1072\" height=\"714\" xlink:href=\"\/wp-content\/uploads\/2021\/09\/street-blau.png\"  transform=\"matrix(1.0858 0 0 1.0858 -295.8258 244.9563)\">\n\t\t<\/image>\n\t<\/g>\n<\/g>\n<\/svg>\n\t\t\t\t<\/div>\n\t\t\t\t<\/div>\n\t\t\t\t\t<\/div>\n\t\t<\/div>\n\t\t\t\t<div class=\"elementor-column elementor-col-50 elementor-top-column elementor-element elementor-element-9377ea4\" data-id=\"9377ea4\" data-element_type=\"column\" data-e-type=\"column\">\n\t\t\t<div class=\"elementor-widget-wrap elementor-element-populated\">\n\t\t\t\t\t\t<div class=\"elementor-element elementor-element-4091007 elementor-widget elementor-widget-text-editor\" data-id=\"4091007\" data-element_type=\"widget\" data-e-type=\"widget\" data-widget_type=\"text-editor.default\">\n\t\t\t\t<div class=\"elementor-widget-container\">\n\t\t\t\t\t\t\t\t\t<h3>VOS AVANTAGES<\/h3>\t\t\t\t\t\t\t\t<\/div>\n\t\t\t\t<\/div>\n\t\t\t\t<div class=\"elementor-element elementor-element-5ff1ecf sub-solutions elementor-list-item-link-inline elementor-icon-list--layout-traditional elementor-widget elementor-widget-icon-list\" data-id=\"5ff1ecf\" data-element_type=\"widget\" data-e-type=\"widget\" data-widget_type=\"icon-list.default\">\n\t\t\t\t<div class=\"elementor-widget-container\">\n\t\t\t\t\t\t\t<ul class=\"elementor-icon-list-items\">\n\t\t\t\t\t\t\t<li class=\"elementor-icon-list-item\">\n\t\t\t\t\t\t\t\t\t\t\t<a href=\"https:\/\/autorolasolutions.com\/fr\/solutions\/challenge\/reduction-des-delais\/\" class=\"B C D F\">\n\n\t\t\t\t\t\t\t\t\t\t\t<span class=\"elementor-icon-list-text\">R\u00e9duction des d\u00e9lais<\/span>\n\t\t\t\t\t\t\t\t\t\t\t<\/a>\n\t\t\t\t\t\t\t\t\t<\/li>\n\t\t\t\t\t\t\t\t<li class=\"elementor-icon-list-item\">\n\t\t\t\t\t\t\t\t\t\t\t<a href=\"https:\/\/autorolasolutions.com\/fr\/solutions\/challenge\/optimisation-des-process\/\" class=\"B C D E F\">\n\n\t\t\t\t\t\t\t\t\t\t\t<span class=\"elementor-icon-list-text\">Optimisation des Process<\/span>\n\t\t\t\t\t\t\t\t\t\t\t<\/a>\n\t\t\t\t\t\t\t\t\t<\/li>\n\t\t\t\t\t\t\t\t<li class=\"elementor-icon-list-item\">\n\t\t\t\t\t\t\t\t\t\t\t<a href=\"https:\/\/autorolasolutions.com\/fr\/solutions\/challenge\/digitaliser-vos-process\/\" class=\"C D E\">\n\n\t\t\t\t\t\t\t\t\t\t\t<span class=\"elementor-icon-list-text\">Digitalisez vos process<\/span>\n\t\t\t\t\t\t\t\t\t\t\t<\/a>\n\t\t\t\t\t\t\t\t\t<\/li>\n\t\t\t\t\t\t\t\t<li class=\"elementor-icon-list-item\">\n\t\t\t\t\t\t\t\t\t\t\t<a href=\"https:\/\/autorolasolutions.com\/fr\/solutions\/challenge\/optimiser-la-gestion-des-ventes\/\" class=\"B C D E F\">\n\n\t\t\t\t\t\t\t\t\t\t\t<span class=\"elementor-icon-list-text\">Optimisez la gestion des ventes<\/span>\n\t\t\t\t\t\t\t\t\t\t\t<\/a>\n\t\t\t\t\t\t\t\t\t<\/li>\n\t\t\t\t\t\t\t\t<li class=\"elementor-icon-list-item\">\n\t\t\t\t\t\t\t\t\t\t\t<a href=\"https:\/\/autorolasolutions.com\/fr\/solutions\/challenge\/controler-vos-prestataires\/\" class=\"C D E\">\n\n\t\t\t\t\t\t\t\t\t\t\t<span class=\"elementor-icon-list-text\">Contr\u00f4lez vos prestataires<\/span>\n\t\t\t\t\t\t\t\t\t\t\t<\/a>\n\t\t\t\t\t\t\t\t\t<\/li>\n\t\t\t\t\t\t\t\t<li class=\"elementor-icon-list-item\">\n\t\t\t\t\t\t\t\t\t\t\t<a href=\"https:\/\/autorolasolutions.com\/fr\/solutions\/challenge\/reduire-les-couts\/\">\n\n\t\t\t\t\t\t\t\t\t\t\t<span class=\"elementor-icon-list-text\">R\u00e9duisez les co\u00fbts<\/span>\n\t\t\t\t\t\t\t\t\t\t\t<\/a>\n\t\t\t\t\t\t\t\t\t<\/li>\n\t\t\t\t\t\t\t\t<li class=\"elementor-icon-list-item\">\n\t\t\t\t\t\t\t\t\t\t\t<a href=\"https:\/\/autorolasolutions.com\/fr\/solutions\/challenge\/definir-et-realiser-les-controles-necessaires\/\">\n\n\t\t\t\t\t\t\t\t\t\t\t<span class=\"elementor-icon-list-text\">D\u00e9finissez et r\u00e9alisez les contr\u00f4les n\u00e9cessaires<\/span>\n\t\t\t\t\t\t\t\t\t\t\t<\/a>\n\t\t\t\t\t\t\t\t\t<\/li>\n\t\t\t\t\t\t<\/ul>\n\t\t\t\t\t\t<\/div>\n\t\t\t\t<\/div>\n\t\t\t\t<div class=\"elementor-element elementor-element-9275228 elementor-widget elementor-widget-button\" data-id=\"9275228\" data-element_type=\"widget\" data-e-type=\"widget\" data-widget_type=\"button.default\">\n\t\t\t\t<div class=\"elementor-widget-container\">\n\t\t\t\t\t\t\t\t\t<div class=\"elementor-button-wrapper\">\n\t\t\t\t\t<a class=\"elementor-button elementor-button-link elementor-size-sm elementor-animation-grow\" href=\"https:\/\/autorolasolutions.com\/fr\/contact\/\">\n\t\t\t\t\t\t<span class=\"elementor-button-content-wrapper\">\n\t\t\t\t\t\t<span class=\"elementor-button-icon\">\n\t\t\t\t<i aria-hidden=\"true\" class=\"fas fa-arrow-right\"><\/i>\t\t\t<\/span>\n\t\t\t\t\t\t\t\t\t<span class=\"elementor-button-text\">Contactez-nous<\/span>\n\t\t\t\t\t<\/span>\n\t\t\t\t\t<\/a>\n\t\t\t\t<\/div>\n\t\t\t\t\t\t\t\t<\/div>\n\t\t\t\t<\/div>\n\t\t\t\t\t<\/div>\n\t\t<\/div>\n\t\t\t\t\t<\/div>\n\t\t<\/section>\n\t\t\t\t<\/div>\n\t\t","protected":false},"excerpt":{"rendered":"<p>D\u00e9finir et r\u00e9aliser les Contr\u00f4les N\u00e9cessaires Comment contr\u00f4ler la s\u00e9curit\u00e9 de vos process ? En travaillant avec de nombreux clients et prestataires, la transparence des donn\u00e9es est essentielle. Il faut des informations compl\u00e8tes, inalt\u00e9rables et v\u00e9rifiables par toutes les proc\u00e9dures juridiques. La fiche num\u00e9rique du v\u00e9hicule et le journal syst\u00e8me inalt\u00e9rable du Fleet Monitor fournissent [&hellip;]<\/p>\n","protected":false},"author":2,"featured_media":0,"parent":8523,"menu_order":7,"comment_status":"closed","ping_status":"open","template":"","meta":{"_acf_changed":false,"inline_featured_image":false,"site-sidebar-layout":"no-sidebar","site-content-layout":"default","ast-site-content-layout":"default","site-content-style":"default","site-sidebar-style":"default","ast-global-header-display":"","ast-banner-title-visibility":"","ast-main-header-display":"","ast-hfb-above-header-display":"","ast-hfb-below-header-display":"","ast-hfb-mobile-header-display":"","site-post-title":"disabled","ast-breadcrumbs-content":"","ast-featured-img":"disabled","footer-sml-layout":"","theme-transparent-header-meta":"default","adv-header-id-meta":"","stick-header-meta":"default","header-above-stick-meta":"","header-main-stick-meta":"","header-below-stick-meta":"","astra-migrate-meta-layouts":"default","ast-page-background-enabled":"default","ast-page-background-meta":{"desktop":{"background-color":"","background-image":"","background-repeat":"repeat","background-position":"center center","background-size":"auto","background-attachment":"scroll","background-type":"","background-media":"","overlay-type":"","overlay-color":"","overlay-opacity":"","overlay-gradient":""},"tablet":{"background-color":"","background-image":"","background-repeat":"repeat","background-position":"center center","background-size":"auto","background-attachment":"scroll","background-type":"","background-media":"","overlay-type":"","overlay-color":"","overlay-opacity":"","overlay-gradient":""},"mobile":{"background-color":"","background-image":"","background-repeat":"repeat","background-position":"center center","background-size":"auto","background-attachment":"scroll","background-type":"","background-media":"","overlay-type":"","overlay-color":"","overlay-opacity":"","overlay-gradient":""}},"ast-content-background-meta":{"desktop":{"background-color":"var(--ast-global-color-5)","background-image":"","background-repeat":"repeat","background-position":"center center","background-size":"auto","background-attachment":"scroll","background-type":"","background-media":"","overlay-type":"","overlay-color":"","overlay-opacity":"","overlay-gradient":""},"tablet":{"background-color":"var(--ast-global-color-5)","background-image":"","background-repeat":"repeat","background-position":"center center","background-size":"auto","background-attachment":"scroll","background-type":"","background-media":"","overlay-type":"","overlay-color":"","overlay-opacity":"","overlay-gradient":""},"mobile":{"background-color":"var(--ast-global-color-5)","background-image":"","background-repeat":"repeat","background-position":"center center","background-size":"auto","background-attachment":"scroll","background-type":"","background-media":"","overlay-type":"","overlay-color":"","overlay-opacity":"","overlay-gradient":""}},"footnotes":""},"class_list":["post-8540","page","type-page","status-publish","hentry"],"acf":[],"yoast_head":"<!-- This site is optimized with the Yoast SEO plugin v27.0 - https:\/\/yoast.com\/product\/yoast-seo-wordpress\/ -->\n<title>\u00c9tablir l&#039;acceptabilit\u00e9 de l&#039;audit | Solutions de conformit\u00e9 pour l&#039;automobile<\/title>\n<meta name=\"description\" content=\"Garantissez l\u2019acceptabilit\u00e9 et la conformit\u00e9 des audits dans l\u2019industrie automobile gr\u00e2ce \u00e0 nos solutions. Maintenir la transparence et r\u00e9pondre aux exigences r\u00e9glementaires.\" \/>\n<meta name=\"robots\" content=\"index, follow, max-snippet:-1, max-image-preview:large, max-video-preview:-1\" \/>\n<link rel=\"canonical\" href=\"https:\/\/autorolasolutions.com\/blg-fr\/solutions\/challenge\/definir-et-realiser-les-controles-necessaires\/\" \/>\n<meta property=\"og:locale\" content=\"en_US\" \/>\n<meta property=\"og:type\" content=\"article\" \/>\n<meta property=\"og:title\" content=\"\u00c9tablir l&#039;acceptabilit\u00e9 de l&#039;audit | Solutions de conformit\u00e9 pour l&#039;automobile\" \/>\n<meta property=\"og:description\" content=\"Garantissez l\u2019acceptabilit\u00e9 et la conformit\u00e9 des audits dans l\u2019industrie automobile gr\u00e2ce \u00e0 nos solutions. Maintenir la transparence et r\u00e9pondre aux exigences r\u00e9glementaires.\" \/>\n<meta property=\"og:url\" content=\"https:\/\/autorolasolutions.com\/blg-fr\/solutions\/challenge\/definir-et-realiser-les-controles-necessaires\/\" \/>\n<meta property=\"og:site_name\" content=\"Autorola Solutions\" \/>\n<meta property=\"article:modified_time\" content=\"2025-02-04T10:08:22+00:00\" \/>\n<meta name=\"twitter:card\" content=\"summary_large_image\" \/>\n<meta name=\"twitter:label1\" content=\"Est. reading time\" \/>\n\t<meta name=\"twitter:data1\" content=\"2 minutes\" \/>\n<script type=\"application\/ld+json\" class=\"yoast-schema-graph\">{\"@context\":\"https:\/\/schema.org\",\"@graph\":[{\"@type\":\"WebPage\",\"@id\":\"https:\/\/autorolasolutions.com\/blg-fr\/solutions\/challenge\/definir-et-realiser-les-controles-necessaires\/\",\"url\":\"https:\/\/autorolasolutions.com\/blg-fr\/solutions\/challenge\/definir-et-realiser-les-controles-necessaires\/\",\"name\":\"\u00c9tablir l'acceptabilit\u00e9 de l'audit | Solutions de conformit\u00e9 pour l'automobile\",\"isPartOf\":{\"@id\":\"https:\/\/autorolasolutions.com\/#website\"},\"datePublished\":\"2021-11-09T11:36:45+00:00\",\"dateModified\":\"2025-02-04T10:08:22+00:00\",\"description\":\"Garantissez l\u2019acceptabilit\u00e9 et la conformit\u00e9 des audits dans l\u2019industrie automobile gr\u00e2ce \u00e0 nos solutions. Maintenir la transparence et r\u00e9pondre aux exigences r\u00e9glementaires.\",\"breadcrumb\":{\"@id\":\"https:\/\/autorolasolutions.com\/blg-fr\/solutions\/challenge\/definir-et-realiser-les-controles-necessaires\/#breadcrumb\"},\"inLanguage\":\"blg-FR\",\"potentialAction\":[{\"@type\":\"ReadAction\",\"target\":[\"https:\/\/autorolasolutions.com\/blg-fr\/solutions\/challenge\/definir-et-realiser-les-controles-necessaires\/\"]}]},{\"@type\":\"BreadcrumbList\",\"@id\":\"https:\/\/autorolasolutions.com\/blg-fr\/solutions\/challenge\/definir-et-realiser-les-controles-necessaires\/#breadcrumb\",\"itemListElement\":[{\"@type\":\"ListItem\",\"position\":1,\"name\":\"Home\",\"item\":\"https:\/\/autorolasolutions.com\/\"},{\"@type\":\"ListItem\",\"position\":2,\"name\":\"Solutions\",\"item\":\"https:\/\/autorolasolutions.com\/solutions\/\"},{\"@type\":\"ListItem\",\"position\":3,\"name\":\"Challenge\",\"item\":\"https:\/\/autorolasolutions.com\/solutions\/business-values\/\"},{\"@type\":\"ListItem\",\"position\":4,\"name\":\"D\u00e9finir et r\u00e9aliser les contr\u00f4les n\u00e9cessaires\"}]},{\"@type\":\"WebSite\",\"@id\":\"https:\/\/autorolasolutions.com\/#website\",\"url\":\"https:\/\/autorolasolutions.com\/\",\"name\":\"Autorola Solutions\",\"description\":\"\",\"publisher\":{\"@id\":\"https:\/\/autorolasolutions.com\/#organization\"},\"potentialAction\":[{\"@type\":\"SearchAction\",\"target\":{\"@type\":\"EntryPoint\",\"urlTemplate\":\"https:\/\/autorolasolutions.com\/?s={search_term_string}\"},\"query-input\":{\"@type\":\"PropertyValueSpecification\",\"valueRequired\":true,\"valueName\":\"search_term_string\"}}],\"inLanguage\":\"blg-FR\"},{\"@type\":\"Organization\",\"@id\":\"https:\/\/autorolasolutions.com\/#organization\",\"name\":\"Autorola Solutions\",\"url\":\"https:\/\/autorolasolutions.com\/\",\"logo\":{\"@type\":\"ImageObject\",\"inLanguage\":\"blg-FR\",\"@id\":\"https:\/\/autorolasolutions.com\/#\/schema\/logo\/image\/\",\"url\":\"https:\/\/autorolasolutions.com\/wp-content\/uploads\/2025\/01\/Autorola_Solutions_Logo_Left_Screen_RGB.svg\",\"contentUrl\":\"https:\/\/autorolasolutions.com\/wp-content\/uploads\/2025\/01\/Autorola_Solutions_Logo_Left_Screen_RGB.svg\",\"width\":143,\"height\":44,\"caption\":\"Autorola Solutions\"},\"image\":{\"@id\":\"https:\/\/autorolasolutions.com\/#\/schema\/logo\/image\/\"},\"sameAs\":[\"https:\/\/www.linkedin.com\/company\/autorolasolutions\/\"]}]}<\/script>\n<!-- \/ Yoast SEO plugin. -->","yoast_head_json":{"title":"\u00c9tablir l'acceptabilit\u00e9 de l'audit | Solutions de conformit\u00e9 pour l'automobile","description":"Garantissez l\u2019acceptabilit\u00e9 et la conformit\u00e9 des audits dans l\u2019industrie automobile gr\u00e2ce \u00e0 nos solutions. Maintenir la transparence et r\u00e9pondre aux exigences r\u00e9glementaires.","robots":{"index":"index","follow":"follow","max-snippet":"max-snippet:-1","max-image-preview":"max-image-preview:large","max-video-preview":"max-video-preview:-1"},"canonical":"https:\/\/autorolasolutions.com\/blg-fr\/solutions\/challenge\/definir-et-realiser-les-controles-necessaires\/","og_locale":"en_US","og_type":"article","og_title":"\u00c9tablir l'acceptabilit\u00e9 de l'audit | Solutions de conformit\u00e9 pour l'automobile","og_description":"Garantissez l\u2019acceptabilit\u00e9 et la conformit\u00e9 des audits dans l\u2019industrie automobile gr\u00e2ce \u00e0 nos solutions. Maintenir la transparence et r\u00e9pondre aux exigences r\u00e9glementaires.","og_url":"https:\/\/autorolasolutions.com\/blg-fr\/solutions\/challenge\/definir-et-realiser-les-controles-necessaires\/","og_site_name":"Autorola Solutions","article_modified_time":"2025-02-04T10:08:22+00:00","twitter_card":"summary_large_image","twitter_misc":{"Est. reading time":"2 minutes"},"schema":{"@context":"https:\/\/schema.org","@graph":[{"@type":"WebPage","@id":"https:\/\/autorolasolutions.com\/blg-fr\/solutions\/challenge\/definir-et-realiser-les-controles-necessaires\/","url":"https:\/\/autorolasolutions.com\/blg-fr\/solutions\/challenge\/definir-et-realiser-les-controles-necessaires\/","name":"\u00c9tablir l'acceptabilit\u00e9 de l'audit | Solutions de conformit\u00e9 pour l'automobile","isPartOf":{"@id":"https:\/\/autorolasolutions.com\/#website"},"datePublished":"2021-11-09T11:36:45+00:00","dateModified":"2025-02-04T10:08:22+00:00","description":"Garantissez l\u2019acceptabilit\u00e9 et la conformit\u00e9 des audits dans l\u2019industrie automobile gr\u00e2ce \u00e0 nos solutions. Maintenir la transparence et r\u00e9pondre aux exigences r\u00e9glementaires.","breadcrumb":{"@id":"https:\/\/autorolasolutions.com\/blg-fr\/solutions\/challenge\/definir-et-realiser-les-controles-necessaires\/#breadcrumb"},"inLanguage":"blg-FR","potentialAction":[{"@type":"ReadAction","target":["https:\/\/autorolasolutions.com\/blg-fr\/solutions\/challenge\/definir-et-realiser-les-controles-necessaires\/"]}]},{"@type":"BreadcrumbList","@id":"https:\/\/autorolasolutions.com\/blg-fr\/solutions\/challenge\/definir-et-realiser-les-controles-necessaires\/#breadcrumb","itemListElement":[{"@type":"ListItem","position":1,"name":"Home","item":"https:\/\/autorolasolutions.com\/"},{"@type":"ListItem","position":2,"name":"Solutions","item":"https:\/\/autorolasolutions.com\/solutions\/"},{"@type":"ListItem","position":3,"name":"Challenge","item":"https:\/\/autorolasolutions.com\/solutions\/business-values\/"},{"@type":"ListItem","position":4,"name":"D\u00e9finir et r\u00e9aliser les contr\u00f4les n\u00e9cessaires"}]},{"@type":"WebSite","@id":"https:\/\/autorolasolutions.com\/#website","url":"https:\/\/autorolasolutions.com\/","name":"Autorola Solutions","description":"","publisher":{"@id":"https:\/\/autorolasolutions.com\/#organization"},"potentialAction":[{"@type":"SearchAction","target":{"@type":"EntryPoint","urlTemplate":"https:\/\/autorolasolutions.com\/?s={search_term_string}"},"query-input":{"@type":"PropertyValueSpecification","valueRequired":true,"valueName":"search_term_string"}}],"inLanguage":"blg-FR"},{"@type":"Organization","@id":"https:\/\/autorolasolutions.com\/#organization","name":"Autorola Solutions","url":"https:\/\/autorolasolutions.com\/","logo":{"@type":"ImageObject","inLanguage":"blg-FR","@id":"https:\/\/autorolasolutions.com\/#\/schema\/logo\/image\/","url":"https:\/\/autorolasolutions.com\/wp-content\/uploads\/2025\/01\/Autorola_Solutions_Logo_Left_Screen_RGB.svg","contentUrl":"https:\/\/autorolasolutions.com\/wp-content\/uploads\/2025\/01\/Autorola_Solutions_Logo_Left_Screen_RGB.svg","width":143,"height":44,"caption":"Autorola Solutions"},"image":{"@id":"https:\/\/autorolasolutions.com\/#\/schema\/logo\/image\/"},"sameAs":["https:\/\/www.linkedin.com\/company\/autorolasolutions\/"]}]}},"_links":{"self":[{"href":"https:\/\/autorolasolutions.com\/blg-fr\/wp-json\/wp\/v2\/pages\/8540","targetHints":{"allow":["GET"]}}],"collection":[{"href":"https:\/\/autorolasolutions.com\/blg-fr\/wp-json\/wp\/v2\/pages"}],"about":[{"href":"https:\/\/autorolasolutions.com\/blg-fr\/wp-json\/wp\/v2\/types\/page"}],"author":[{"embeddable":true,"href":"https:\/\/autorolasolutions.com\/blg-fr\/wp-json\/wp\/v2\/users\/2"}],"replies":[{"embeddable":true,"href":"https:\/\/autorolasolutions.com\/blg-fr\/wp-json\/wp\/v2\/comments?post=8540"}],"version-history":[{"count":19,"href":"https:\/\/autorolasolutions.com\/blg-fr\/wp-json\/wp\/v2\/pages\/8540\/revisions"}],"predecessor-version":[{"id":55262,"href":"https:\/\/autorolasolutions.com\/blg-fr\/wp-json\/wp\/v2\/pages\/8540\/revisions\/55262"}],"up":[{"embeddable":true,"href":"https:\/\/autorolasolutions.com\/blg-fr\/wp-json\/wp\/v2\/pages\/8523"}],"wp:attachment":[{"href":"https:\/\/autorolasolutions.com\/blg-fr\/wp-json\/wp\/v2\/media?parent=8540"}],"curies":[{"name":"wp","href":"https:\/\/api.w.org\/{rel}","templated":true}]}}